 -2*k**3 - k**2. Let r(i) = -d(i) - 7*v(i). What is r(-7)?
-29
Let f(d) be the first derivative of -2*d**3/3 - d**2/2 + 2*d - 286. Determine f(-2).
-4
Let p(h) = -5*h - 38. Let v(r) = 3*r + 25. Let m(k) = 5*p(k) + 8*v(k). Let b be m(2). Let y(i) = i + 4. Calculate y(b).
12
Let x(o) = -o**3 + o**2 + 3*o - 2. Let n(m) = -m**2 + 3*m + 7. Let k be n(4). Give x(k).
-11
Suppose -20 = -5*v, -44 = x + x - 5*v. Let i = 8 + x. Let p(a) = a + 6. Let f be p(i). Let j(u) = -u**3 + u**2 + 2*u. Calculate j(f).
0
Let o(u) be the first derivative of 5*u**4/6 - u**3/3 - u**2/2 + 2*u + 17. Let x(q) be the first derivative of o(q). Calculate x(-1).
11
Suppose 8 = -2*f - 3*s, -2*s + 7*s + 20 = -5*f. Let v(a) = a**3 - 4*a + 4. Determine v(f).
-44
Let z(i) = -10*i**3 + 15*i**2 - 7*i + 15. Let k(h) = -8*h**3 + 13*h**2 - 6*h + 13. Let u(f) = -8*k(f) + 7*z(f). Calculate u(2).
-45
Let j(c) be the first derivative of c**4/4 + 4*c**3/3 + 3*c**2/2 + 2*c - 3. Let s = 93 - 96. Determine j(s).
2
Let x(k) = -k - 7. Suppose 35 = -2*l + 5*r, -7*l + 5*l - 3*r + 5 = 0. Give x(l).
-2
Let m(v) = -v**3 - 10*v**2 - v - 2. Suppose 3*p - 126 = 6*p. Let b = p + 32. Calculate m(b).
8
Let b(m) = m - 1. Let y(z) = z**3 + 4*z**2 + z - 6. Let u be y(-3). Let k be b(u). Let s = k + -2. Let g(p) = -p**3 - 4*p**2 - 2*p - 2. What is g(s)?
-5
Let j(m) be the third derivative of -m**5/60 + m**4/4 + 5*m**3/3 + m**2 - 11*m. Calculate j(7).
3
Let r = 1342 + -1346. Let o(j) be the second derivative of j**4/12 + j**3/6 - 2*j**2 + j. Determine o(r).
8
Let f be 704/374 + (-2)/(-17). Let q(c) be the third derivative of 0 - 1/24*c**4 - 1/120*c**6 + 1/3*c**3 + 0*c + 1/15*c**5 - 4*c**2. Determine q(f).
8
Let v(s) = 2*s**2 + 2. Let r(k) = 25*k**2 - 2*k + 7. Let q(y) = r(y) - 3*v(y). Determine q(1).
18
Let x(z) = z + 5*z + 0 - 3 - 18340*z**2 + 18341*z**2. Suppose 2*s - 3*q = q, -s = -q - 1. Let l be 2 - (9 - (s - 1)). What is x(l)?
-3
Let z(i) = -234*i**2 - 19*i + 13. Let m(g) = -39*g**2 - 3*g + 2. Let b(d) = -13*m(d) + 2*z(d). Calculate b(-1).
38
Let k(l) = -l**2 + 11*l - 7. Let i be k(10). Let n be (-2)/6 - 1256/(-24). Let y(a) = -2*a + n - 52. What is y(i)?
-6
Let g be 2/4 + (-18)/12. Let o(z) = 12*z + 6. Let k(f) = -11*f - 5. Let n(y) = -6*k(y) - 5*o(y). What is n(g)?
-6
Let j = 10 - 7. Let m(h) be the second derivative of 10*h - 3*h**3 - 51*h**2 + 2*h**j + 54*h**2. Give m(4).
-18
Suppose -3*k = 2*s + 68, 3*s = -k - 3*k - 90. Let y be -1*(0/(-4) + k). Let v be 1/((3 - 7)/y). Let f(z) = -z**2 - 5*z - 1. Calculate f(v).
-7
Suppose 2*v - 3*v = 2*r + 29, 0 = r. Let u = v + 31. Let b(h) = 3 + 3*h**2 + 9 - 2*h + h**u - 2*h**3 - 14. What is b(2)?
-6
Let u = 38 + -35. Let y(d) = -d**3 + 4*d**2 - d - 3. What is y(u)?
3
Let c(o) be the second derivative of -o**3 + 1/2*o**2 - 1/2*o**4 - 1/20*o**5 + 11*o + 0. Let l be 1/2*(-20)/2. Determine c(l).
6
Let u(w) = -w**2 - w + 1. Suppose -32 = -5*t + 43. Let j be 4/(-5)*t/(-6). Give u(j).
-5
Let l(n) be the first derivative of -n**4/4 - n**3 + 2*n**2 - 5*n + 129. What is l(-5)?
25
Let j(u) = u + 10. Suppose 49 = p + 64. Give j(p).
-5
Let w = -9 + 18. Suppose -h - 2*h = w. Let j be h/(-4)*4*-1. Let b(f) = 2*f**2 + 3*f - 4. Give b(j).
5
Let y(k) be the second derivative of k**5/20 - k**3/6 + 3*k**2/2 + k. Suppose 0 = -s - j + 6*j - 47, -5*s - 163 = -j. Let i = 32 + s. Give y(i).
3
Let y(k) = -k - 1. Let o be y(0). Let a(w) be the third derivative of -w**4/12 - 2*w**2 - 61. Let c be a(o). Let r(j) = j**3 - 3*j**2 + 2*j. Calculate r(c).
0
Let a(c) = 3*c + 5*c + 35 - 3*c. Let i be a(-6). Let y(f) = f**2 - 6*f + 4. Calculate y(i).
-1
Let j be 106/(-2 - 0)*(-27 + 25). Let o = -105 + j. Let x(w) = -7*w**3 + 2*w**2 - w. What is x(o)?
-6
Suppose 4*f = -4*z + 16, 5*z + 2*f - 29 = -9. Let w(h) = -h**3 + 2*h**2 + 5*h + 3. What is w(z)?
-9
Let q(g) = -g**3 + 2*g**2 + 3*g - 4. Suppose -38 = -17*r + 13. Give q(r).
-4
Let p be (10/(-6))/((-2)/(-12)). Let y(j) = j**3 + 11*j**2 + 11*j + 8. Determine y(p).
-2
Let d(x) be the first derivative of x**3/3 - 5*x**2 + 225. Give d(7).
-21
Let m(c) = c - 19. Let i(d) = -7*d + 119. Let z(a) = 2*i(a) + 13*m(a). Suppose -3*k = -2*o + 10, 4*k = -k + 2*o - 10. Determine z(k).
-9
Let v(l) = 5*l - 1. Let u = 744 + -741. Determine v(u).
14
Suppose 6*w = 7*w - 38. Let z = w - 32. Let v(s) = s**3 - 7*s**2 + 9*s - 7. Give v(z).
11
Suppose 4*d + p = 8 + 12, -20 = -2*d + 2*p. Suppose 0 = d*l - 17 - 13. Let u(h) = -5*h + 7. Give u(l).
-18
Suppose -2*s + 3*o = -0*s - 12, -2*o - 1 = s. Suppose 3*x = -2*k - x + 14, -5*k + 35 = x. Suppose k*n = s*n + 12. Let j(f) = f**2 - 2. Determine j(n).
7
Let n = -346 + 339. Let t(z) = -z**2 - 6*z + 8. Determine t(n).
1
Let h = 0 + 2. Let u be (-6)/(h - 4/8). Let a(j) = j. Let w(y) = 1. Let i(v) = u*w(v) - a(v). Determine i(-3).
-1
Let t(i) = 8*i + 44. Let f be (-32)/6 - 40/60. Calculate t(f).
-4
Suppose -3*z = 6, -3*c = 2*c + z - 5063. Let x(s) = -c*s - s**3 + 4*s**2 - 2 + 1013*s. Calculate x(4).
-2
Let l = 36 - 34. Suppose 5*z = 6*z + l. Let g(q) = 4*q**2 + q + 3 - 5*q**2 - 1. Give g(z).
-4
Let a(d) = -2*d**3 - 7*d**2 - 7*d + 2. Let c(p) = -p**3 - p**2 - p - 1. Let q(r) = -a(r) + c(r). Determine q(-5).
-8
Let n(c) be the second derivative of c**4/12 + 5*c**3/6 - 3*c**2 - 10*c. Let a = 7 + -12. Let j be n(a). Let d(m) = m**3 + 7*m**2 + 7*m. Calculate d(j).
-6
Let k = -42 + 45. Let z(r) = k + 193*r - 3 - 1 - 194*r. Determine z(4).
-5
Let p(l) = -l**2 + 19. Let b be p(4). Let n(c) = -7*c**3 + 9*c**2 + 8 + 8*c**3 + 0*c**b + 9*c. Determine n(-8).
0
Suppose 2 = 2*b + 20. Let p = b + 11. Let v(j) = -j**3 + 4 + 2*j**2 - 3 - 3*j**p - 2*j**2. Calculate v(-3).
1
Suppose -n + 4 = n. Let q(u) = -3*u**2 + u**n + 1 - 3*u**2 + 6*u + 4*u**2. Let t(j) = -4*j**2 + 30*j + 4. Let z(r) = 14*q(r) - 3*t(r). Calculate z(-5).
-18
Let u(c) = 2*c + 1. Suppose -4*r - 3*h = -10, 0*r + 3*h = -3*r + 9. Let w be 10 - r/(-2)*2. Let n = -16 + w. Determine u(n).
-9
Let f(r) be the third derivative of 5*r**4/24 + 5*r**3/2 - 103*r**2. Determine f(-4).
-5
Let s be 40/12 + -3 + 117/(-27). Let c(u) = 2*u**2 - 4*u - 6. What is c(s)?
42
Let d(u) = u**2 + 14*u - 37. Let j(x) = x**2 - 17*x - 16. Let b be j(0). Determine d(b).
-5
Let b(p) = p + 2. Let f be 10/(-35) + (-276)/14. Let x = 24 + f. Let u be (2/x*8)/(-2). What is b(u)?
0
Let y(t) be the first derivative of -t**4/2 + 4*t**3/3 + t**2/2 + t + 267. Give y(3).
-14
Let v(t) = -3*t - 2. Let p(b) = -b**2 + 11*b + 45. Let f be p(14). Determine v(f).
-11
Let q be (-1 - -1)/1 + 5. Let s(a) be the first derivative of -a**4/4 + 4*a**3/3 + 2*a**2 + 6*a - 586. What is s(q)?
1
Let f(v) be the second derivative of -v**6/360 - v**5/40 - 31*v**3/6 - 31*v. Let k(d) be the second derivative of f(d). Determine k(-3).
0
Let n(z) be the second derivative of z**5/40 - z**4/24 + 4*z**3/3 + 6*z. Let w(g) be the second derivative of n(g). Suppose -2*h + 5 - 1 = 0. Determine w(h).
5
Let j(c) = c + 1. Let f(i) = -i**3 - 3*i**2 + 4*i + 8. Let y be f(-4). Suppose 7 = y*n - n. What is j(n)?
2
Let r(i) = 3*i**2 - 6*i - 11. Let p(n) = -n**2 + 2*n + 4. Let m(x) = 17*p(x) + 6*r(x). Let q = -17 + 10. Let u(k) = -k - 4. Let w be u(q). Give m(w).
5
Let u(a) = 2*a - 8. Suppose -2*m + 5 - 21 = 0. Suppose 4*c = 11*c + 7. Let x = c - m. Give u(x).
6
Suppose 15 = -4*r + 3*l, 4*r + r - l = -5. Suppose 7*a + a - 24 = r. Let b(x) = 2*x + 2. Determine b(a).
8
Let v(r) = -7*r - 3. Suppose 2*w - 2 = -a, 5*a = -12 - 8. Give v(w).
-24
Let n(l) = -l**2 + 8*l - 2. Let q(a) = a - 1. Let c(o) = n(o) - 3*q(o). Suppose 3*k + 2*h = 8, 5*k = -h + 4 + 14. Determine c(k).
5
Let s(a) = 0*a - 2*a**2 + 0*a - 5*a + 1 + a**2. Let r = -6 + 10. Suppose 0*y = -y - r. What is s(y)?
5
Let u(z) = 0*z**2 - 3 + 0*z + 3*z**2 - 4*z + 0*z**2. Suppose -96 = -9*g - 114. Determine u(g).
17
Let p(b) = -175*b - 350. Let q be p(-2). Let n(i) = -2 - i**2 - i**3 + 0*i**3 - 2. Determine n(q).
-4
Let t be -5 - (-48)/(-9)*(-9)/6. Let c(f) = -f + 5. What is c(t)?
2
Let b(u) = u**3 + 5*u**2 - u + 4. Let t = -627 + 623. Determine b(t).
24
Let u(i) = i**3 + 9*i**2 - 7*i - 13. Let z = 1773 + -1782. Determine u(z).
50
Let i(x) be the first derivative of -4/3*x**3 + 2*x + 3 - 1/4*x**4 - 1/2*x**2. Suppose 0 = 5*k + 3*j, 3*j - 6 - 15 = 2*k. Determine i(k).
-4
Let o(s) = 4*s**3 - 8*s**2 - 9*s - 9. Let r(k) =